 What is u(12)?
-168
Let t(f) = 3*f - 28. Determine t(7).
-7
Let d(r) = r**3 + 8*r**2 - 4*r - 14. What is d(-8)?
18
Let h(t) = t**3 - 13*t**2 - 28*t - 23. What is h(15)?
7
Let n(y) = 61*y + 370. Give n(-6).
4
Let p(k) = -3*k + 5. Determine p(3).
-4
Let z(d) = d. Determine z(3).
3
Let v(g) = 25*g - 171. Calculate v(7).
4
Let i(j) = -3*j + 21. What is i(5)?
6
Let c(k) = -5*k**2 + 8*k - 7. Calculate c(1).
-4
Let r(y) = -y**2 + 7*y + 24. Give r(-6).
-54
Let i(d) = 4*d + 72. Calculate i(-20).
-8
Let n(d) = d**3 + 3*d**2 + 10*d + 33. Give n(-4).
-23
Let h(c) = c**3 + 24*c**2 + 19*c - 45. What is h(-23)?
47
Let h(m) = 2*m**2 + 33*m + 114. Determine h(-12).
6
Let y(z) = -5*z - 42. Determine y(-24).
78
Let a(x) = -x**3 - 17*x**2 + 13*x - 17. What is a(-18)?
73
Let j(x) = -3*x**3 - 45*x**2 - x - 16. Calculate j(-15).
-1
Let f(i) = -11*i - 249. Calculate f(-20).
-29
Let u(h) = -2*h - 4. Calculate u(-10).
16
Let v(q) = -2*q**3 + 2*q**2 + 6*q - 16. Calculate v(4).
-88
Let b(c) = c**3 + 11*c**2 - 23*c + 38. Give b(-13).
-1
Let d(i) = -i**3 + 10*i**2 - 13*i + 53. Give d(9).
17
Let c(o) = o + 3. Give c(-5).
-2
Let l(o) = -o**3 - 2*o**2 + 2*o + 1. Give l(-3).
4
Let p(t) = 2*t**2 - 30*t + 38. Determine p(13).
-14
Let l(r) = -r + 47. Determine l(7).
40
Let i(n) = -n**3 + 8*n**2 + 9*n - 6. What is i(9)?
-6
Let o(u) = -u**3 + u + 2. What is o(-2)?
8
Let v(f) = 3*f**2 - 11*f + 3. Determine v(3).
-3
Let u(g) = g**2 - 3. What is u(-3)?
6
Let v(p) = 7*p**3 - 9*p**2 + 11*p + 4. What is v(2)?
46
Let z(j) = 2*j**3 + 14*j**2 + 18*j + 10. Calculate z(-5).
20
Let x(d) = 4*d**2 - 10*d - 2. Determine x(3).
4
Let d(n) = n**3 + n + 6. What is d(0)?
6
Let u(w) = -19*w**2 - 3*w + 2. What is u(1)?
-20
Let j(n) = -6*n - 37. Calculate j(-7).
5
Let x(c) = -c**2 + 8*c + 20. Give x(10).
0
Let x(l) = -33*l**3 - 2*l**2 - 3*l - 1. What is x(-1)?
33
Let v(h) = h**3 + 30*h**2 - h - 29. Calculate v(-30).
1
Let o(c) = 7*c**2 + c + 1. Determine o(2).
31
Let o(h) = -3*h**2 - 27*h - 40. Calculate o(-7).
2
Let u(p) = 4*p**3. Determine u(1).
4
Let x(z) = -z**3 + 16*z**2 + 81*z - 21. What is x(20)?
-1
Let f(o) = -o**2 - 7*o + 2. What is f(-6)?
8
Let k(b) = b**2 + 21*b + 17. Determine k(-20).
-3
Let v(d) = d**2 + 12*d + 24. What is v(-10)?
4
Let l(q) = -q**3 - 3*q**2 - q. What is l(-4)?
20
Let x(h) = 2*h**3 - 2*h**2 - 12*h - 4. Determine x(-2).
-4
Let z(s) = s**3 - 11*s**2 + 9*s - 3. Calculate z(10).
-13
Let k(c) = -4*c**2 - 2*c - 1. Determine k(-1).
-3
Let c(q) = q**2 + 7*q - 2. Calculate c(-9).
16
Let c(x) = x + 25. What is c(-8)?
17
Let x(v) = v**3 - 10*v**2 + 9*v + 10. Calculate x(9).
10
Let b(g) = g**2 - 22*g + 19. Determine b(15).
-86
Let s(i) = 2*i**3 + 9*i**2 + 4*i - 3. What is s(-4)?
-3
Let g(z) = -3*z + 3. Give g(-3).
12
Let f(t) = -t**2 - 4*t - 12. What is f(7)?
-89
Let i(b) = b**2 + 35*b - 23. Give i(-36).
13
Let w(a) = a**3 + 13*a**2 + 3*a + 14. Calculate w(-13).
-25
Let m(b) = 15*b**2 + b. What is m(-1)?
14
Let m(h) = -h**3 - 8*h**2 + 10*h + 7. Calculate m(-9).
-2
Let p(h) = h**3 + 15*h**2 + 14*h - 6. Determine p(-14).
-6
Let h(t) = -19*t + 304. Determine h(16).
0
Let t(x) = -x**2 + 11*x - 11. Calculate t(9).
7
Let i(c) = c**3 + 19*c**2 - 21*c - 7. What is i(-20)?
13
Let l(n) = -3*n - 4. Give l(-6).
14
Let s(g) = g**3 - 6*g**2 - 11*g + 10. Calculate s(7).
-18
Let c(s) = 2*s + 6. Determine c(6).
18
Let a(b) = -b**2 - 21*b - 26. Give a(-19).
12
Let q(k) = -k**3 + 5*k**2 + 10*k - 15. Calculate q(6).
9
Let f(n) = n**3 + n**2 - 8*n + 11. What is f(2)?
7
Let u(q) = 2*q**3 + 6*q**2 + 1. Calculate u(-4).
-31
Let c(q) = q**3 + 8*q**2 + 8*q + 10. What is c(-7)?
3
Let w(j) = -3*j**2 + 25*j - 36. Give w(6).
6
Let t(x) = -5*x - 3. Calculate t(-1).
2
Let n(w) = -10*w - 414. Determine n(-41).
-4
Let d(k) = -2*k**2 - 10*k + 22. Determine d(-11).
-110
Let g(k) = 3*k**3 - 131*k**2 - 46*k + 81. Calculate g(44).
-7
Let t(z) = z**3 - 11*z**2 + 9*z + 14. Calculate t(10).
4
Let s(p) = -p + 64. Calculate s(23).
41
Let v(i) = 12*i - 7. Calculate v(6).
65
Let x(j) = -j**2 - 1. Determine x(-1).
-2
Let s(c) = c**2 + 58*c + 670. Give s(-16).
-2
Let p(w) = -w**3 + w**2 + w - 3. What is p(3)?
-18
Let c(v) = 2*v**3 + 16*v**2 - 4*v - 18. Give c(-8).
14
Let j(q) = -5*q - 54. Give j(-10).
-4
Let v(w) = w**3 - w - 51. Give v(0).
-51
Let g(r) = -r**2 + 14*r + 35. What is g(15)?
20
Let f(n) = -9*n**3 - n. Calculate f(1).
-10
Let f(x) = -x - 40. Calculate f(-25).
-15
Let z(w) = -w**3 - 4*w**2 - 5*w - 4. Give z(-4).
16
Let j(k) = k + 20. What is j(-11)?
9
Let s(t) = t + 83. Determine s(-18).
65
Let v(z) = -4*z - 14. Give v(-5).
6
Let f(n) = 2*n**2 + 49*n + 90. Calculate f(-23).
21
Let i(u) = 26*u - 2. What is i(1)?
24
Let a(g) = -g**3 - 4*g**2 + g + 13. What is a(-3)?
1
Let f(d) = d**3 + 9*d**2 + 6*d - 5. What is f(-8)?
11
Let h(i) = i**3 + 9*i**2 - 12*i - 14. What is h(-10)?
6
Let x(f) = -12*f + 115. What is x(0)?
115
Let c(g) = g**3 + 23*g**2 - g - 30. Determine c(-23).
-7
Let r(l) = -l**2 - 4*l + 34. Determine r(-8).
2
Let d(y) = y**3 + 8*y**2 + y - 1. Determine d(-5).
69
Let x(z) = -z**3 + 11*z**2 + 11*z + 19. Give x(12).
7
Let c(x) = x**3 - 3*x**2 - 19*x + 12. Calculate c(6).
6
Let g(j) = -j**3 + 3*j**2 - 6*j + 15. Calculate g(3).
-3
Let c(d) = 11*d + 2. Give c(2).
24
Let g(r) = 2*r**3 + 3*r**2 - 10*r + 3. What is g(2)?
11
Let a(m) = -m**2 - 6*m + 13. What is a(-8)?
-3
Let p(c) = 13*c + 2. Give p(-1).
-11
Let i(w) = -4*w - 61. What is i(-10)?
-21
Let b(q) = -3*q + 19. Give b(11).
-14
Let f(z) = -z**3 - 17*z**2 - 5*z - 92. What is f(-17)?
-7
Let l(x) = -9*x**2 + 6*x - 5. What is l(2)?
-29
Let o(l) = l**2 + 9*l + 14. Give o(-7).
0
Let c(m) = -20*m - 303. Calculate c(-15).
-3
Let h(p) = p**3 - 14*p**2 + 14*p - 12. Determine h(12).
-132
Let j(h) = -h**2 + 12*h - 1. Give j(5).
34
Let n(q) = q**3 - 3*q**2 - 4*q + 2. Calculate n(-2).
-10
Let i(j) = 5*j + 26. Calculate i(-12).
-34
Let c(q) = -q - 18. Calculate c(-12).
-6
Let p(v) = -v**3 - 22*v**2 - 26*v - 102. What is p(-21)?
3
Let p(j) = 2*j**3 - 2*j**2 + j + 3. What is p(-2)?
-23
Let z(q) = -q**3 + 11*q**2 - 12*q + 19. What is z(10)?
-1
Let h(q) = 2*q + 28. Give h(-4).
20
Let r(w) = -8*w**2 + 4*w + 1. Determine r(-3).
-83
Let f(z) = z**3 - 8*z**2 + 9*z - 2. Calculate f(7).
12
Let w(s) = -s**3 - 11*s**2 - 4. Give w(-11).
-4
Let i(y) = -14*y - 5. What is i(-4)?
51
Let g(k) = k**2 + 9*k - 24. Give g(4).
28
Let t(k) = -2*k**2 + 12*k - 6. Calculate t(5).
4
Let u(t) = t + 12. Calculate u(-4).
8
Let c(p) = p**3 - 9*p**2 - 7*p + 14. Determine c(10).
44
Let u(h) = h**2 + 6*h + 4. What is u(-5)?
-1
Let b(y) = -2*y**2 + 16*y + 8. What is b(8)?
8
Let y(i) = -2*i - 5. What is y(0)?
-5
Let j(x) = -3*x**2 - 58*x + 42. Determine j(-20).
2
Let o(g) = -82*g - 247. Determine o(-3).
-1
Let d(b) = 4*b**2 + 74*b - 31. Determine d(-19).
7
Let t(n) = 12*n - 8. Calculate t(3).
28
Let u(c) = c**3 - 8*c**2 + 14*c + 23. What is u(8)?
135
Let w(k) = k**3 + k + 23. Calculate w(0).
23
Let u(r) = r**2 + r - 5. What is u(2)?
1
Let h(p) = -12*p + 81. What is h(7)?
-3
Let f(a) = 2*a**2 + 8*a + 8. Calculate f(-5).
18
Let v(f) = -19*f - 64. Determine v(-3).
-7
Let j(z) = -z**3 + 5*z**2 - 2*z. Give j(4).
8
Let z(x) = x**3 + 4*x**2 - 4*x + 3. What is z(-5)?
-2
Let q(m) = 45*m**2 + 1. Calculate q(1).
46
Let y(o) = -o**3 - 9*o**2 + 2*o - 12. Calculate y(-10).
68
Let x(k) = -5*k - 86. Determine x(-11).
-31
Let b(q) = -q**2 - 10*q + 170. Give b(11).
-61
Let j(y) = y**2 - 15*y - 82. Determine j(16).
-66
Let s(t) = -t**2 + 15*t + 49. Calculate s(18).
-5
Let v(y) = -2*y**2 - 13*y + 11. Give v(1).
-4
Let i(a) = -a + 1. Determine i(-3).
4
Let g(l) = l**2 + l - 3. Give g(-4).
9
Let i(k) = k**2 + 10*k - 24. Give i(-11).
-13
Let l(b) = b**2 - 21*b + 14. Determine l(8).
-90
Let z(g) = g**2 - 8*g - 11. What is z(9)?
-2
Let m(h) = h + 5. What is m(-2)?
3
Let s(g) = g + 5. Give s(-4).
1
Let d(a) = 7*a + 24. Give d(-3).
3
Let n(l) = 19*l**2 - 2*l - 1. Determine n(-1).
20
Let u(a) = -a**2 + 6*a + 3. Calculate u(-4).
-37
Let b(p) = 64*p + 383. Determine b(-6).
-1
Let l(g) = -g**3 - 6*g**2 - g - 7. Determine l(-6).
-1
Let h(j) = -17*j - 6. Calculate h(-3).
45
Let q(i) = -i**2 - 17*i + 3. Calculate q(-18).
-15
Let l(o) = -o**2 + 4*o - 7. Calculate l(5).
-12
Let a(u) = 8*u - 16. Give a(5).
24
Let i(u) = -u**3 - 9*u**2 + 7*u - 12.